. Let i = d + p. What are the prime factors of i?
3, 13
Suppose -3*q - 317 = -l, -3*l + 3*q + 0*q + 957 = 0. Suppose -l = -a - 3*a. What are the prime factors of a?
2, 5
Let f(r) = 57*r**3 + 4*r**2 + r + 7. List the prime factors of f(3).
5, 317
Let q be 33/(-55) + 63/5. Suppose -q = -4*c, -4*c = -r + 12 + 75. What are the prime factors of r?
3, 11
Suppose -7*x + 15*x = 1280. List the prime factors of x.
2, 5
Suppose -5*j = -2*o - 7, 0*o - 2*o - j = 25. List the prime factors of 2 - -34 - (o - -12).
5, 7
Let g = -144 - -259. Suppose -5*v + 445 = g. Let p = -46 + v. List the prime factors of p.
2, 5
Let s = -86 - -36. What are the prime factors of ((-30)/s)/(2/50) + 3?
2, 3
Let g = -1537 + 2628. List the prime factors of g.
1091
Suppose -24 = 14*b - 11*b. Let c(i) be the third derivative of -i**4/6 - i**3/2 - 6*i**2. What are the prime factors of c(b)?
29
What are the prime factors of 8 - (-17)/((-68)/(-2064))?
2, 131
Suppose -g - 2*f + 461 = 98, f = 0. List the prime factors of g.
3, 11
Let j(k) be the first derivative of k**4/4 + k**2 + 14*k + 2. Let x be j(0). Suppose -x*t + 18*t = 132. List the prime factors of t.
3, 11
Suppose -4*t = -2*t - 4. Let j(a) = 3 + 15*a - 3 - 7 - a**t. List the prime factors of j(13).
19
Suppose -3*d - 12 + 21 = 0. Suppose 0 = -3*q - c + 2, 3*q - 8 - 4 = -d*c. Let b(s) = -22*s - 1. List the prime factors of b(q).
3, 7
Suppose -14*t - 1315 = -7615. List the prime factors of t.
2, 3, 5
Let t = 211 + 1785. What are the prime factors of t?
2, 499
Let h = 540 + -124. What are the prime factors of h?
2, 13
Let k(b) = -b**2 - 16*b + 2. Let w be k(-16). What are the prime factors of 9372/30 + w/(-5)?
2, 3, 13
Let j(l) = 6 + 0 - 1 + 5*l**2 + l**3 + 0*l**3 - 3*l. Suppose 0 = y + 4*o - 15, 5*o - 30 = 4*y + 3*o. What are the prime factors of j(y)?
2, 5
Suppose 0 = 2*j - 5*j + 48. Let k be 2/j + (-39)/(-8). Suppose 0 = 5*b - k - 125. What are the prime factors of b?
2, 13
Let b(a) = -a**2 + a. Let d(y) = -5*y**2 + 7*y + 3. Let l(m) = 2*b(m) - d(m). What are the prime factors of l(3)?
3
Let n(g) = 5*g**3 + 5*g - 5. Let w be n(2). Suppose 2*d - w - 19 = 0. Let q = d - 20. List the prime factors of q.
2, 3
Let j(h) = h**3 - 7*h**2 - 3*h + 9. Let q be j(7). Let f be (-21)/q - (-6)/24. What are the prime factors of 12/(-10)*(-105)/f?
3, 7
Let a(y) = y**3 - 2*y**2 - 6*y + 5. Let z be a(4). Let d(i) = z*i - 6*i - 4 + 0. What are the prime factors of d(7)?
3, 5
Suppose 1183 + 3037 = 20*g. List the prime factors of g.
211
Let g(l) = l**3 + 3*l**2 - 2*l + 8. Let v be g(-4). Suppose z + 2 + 0 = v, 2*z + 115 = -3*w. List the prime factors of 1 - (w - (2 + -1)).
3, 13
Let r be 7 + (-24)/6 - 7*1. What are the prime factors of (-134)/(-8) + ((-7)/r)/7?
17
Let d(y) = y**3 + 33*y**2 - 80*y - 55. What are the prime factors of d(-35)?
5, 59
Let h = 223 - -140. Suppose y + h = 4*z, 455 = 5*z - 0*z - y. List the prime factors of z.
2, 23
Let w(a) = a**2 - 5. Let y be 1/7 + (-200)/(-70). Let b be w(y). Let k(z) = 20*z - 7. What are the prime factors of k(b)?
73
List the prime factors of (11/(198/(-24)))/((-2)/1224).
2, 3, 17
Let w be 552/36 - 4/3. Suppose d = w + 27. List the prime factors of d.
41
Suppose 13*l = -33 - 19. What are the prime factors of 320*((-54)/15 - l)?
2
Let d(c) = 50*c - 2. Let s = 13 - 11. Let a be d(s). Suppose -5*u + 32 + a = 0. What are the prime factors of u?
2, 13
Let k be (2*-5)/(1 - 3). Let q(n) be the second derivative of n**4/12 + 5*n**3/6 - 3*n**2/2 + 162*n. What are the prime factors of q(k)?
47
Suppose -33 = -5*p - 13. Suppose 0 - p = -f. Suppose -f*m = -9*m + 50. List the prime factors of m.
2, 5
Suppose -i = 4*d + 3 - 1, 4*d = -4. Suppose z + 4*v + 15 = v, 10 = -i*z - 2*v. Suppose 44 = 2*f + 2*x, -106 + z = -5*f - 3*x. What are the prime factors of f?
2, 5
Let w(a) be the second derivative of a**5/20 - 7*a**4/12 + a**3/3 - 4*a**2 + 9*a. List the prime factors of w(8).
2, 3
List the prime factors of 5/((-100)/(-12)) + (-6504)/(-10).
3, 7, 31
Let z(i) = i**3 + i + 2. Let a be z(0). Suppose w + 0*w = a*h + 177, 3*w = -h + 510. Suppose -5*v - 26 = -w. What are the prime factors of v?
29
Suppose 0 = x + 3*x - 356. Suppose -412 + 157 = -3*z + 3*y, -x = -z + 5*y. List the prime factors of z.
2, 3, 7
Suppose 3*x - 3*j + 27 = 0, -4*x + 2 = -3*j + 38. Let n(i) = -3*i - 9. Let g be n(x). What are the prime factors of -1*-2*g - 0?
2, 3
Suppose -2*c = d - 2028, 88 - 78 = -5*d. List the prime factors of c.
5, 7, 29
Let k = -274 - -841. What are the prime factors of k?
3, 7
Let n be (-7)/28 + 895/(-4). Let m = -118 - n. List the prime factors of m.
2, 53
Suppose -240 - 1349 = -7*m. List the prime factors of m.
227
Let k be 75/(-2)*(-2)/3. Let m be ((-6)/5)/(1/k). List the prime factors of (m/4)/((-1)/2).
3, 5
Suppose 46 = b - 24. Let p = b + -3. Let j = p - 35. List the prime factors of j.
2
Suppose 24 = 4*a + 180. Let y be (-286)/a + (-2)/(-3). Let l = 51 + y. List the prime factors of l.
59
Suppose 2*a = 4*h - 22, -2*a = 2*h + 2 - 4. Suppose 0 = 5*c, 0*c - 216 = -h*b + 2*c. Let p = b - 37. List the prime factors of p.
17
Suppose -4*i = -8*i - 5*j + 13755, -25 = 5*j. What are the prime factors of i?
5, 13, 53
Let g(d) = 7*d**2 + 35*d + 428. What are the prime factors of g(-24)?
2, 5, 181
Let l = -4624 - -6920. List the prime factors of l.
2, 7, 41
Suppose 227 = 11*d - 499. What are the prime factors of d?
2, 3, 11
Let c = 19 + -15. Suppose 0 = 3*l + c*o - 189, o = -5*l - 0*o + 315. Suppose 228 = 5*n + l. List the prime factors of n.
3, 11
Let u be 1 - -3*8/(-6). Let p(s) = -34*s - 3. List the prime factors of p(u).
3, 11
Let s = -296 - -445. List the prime factors of s.
149
Suppose 6*g + 1145 - 10787 = 0. List the prime factors of g.
1607
Let s(n) = -2*n**2 + 4*n - 7 - n**3 + 2 + 4*n - 2*n**2. What are the prime factors of s(-6)?
19
Let k(t) = -20*t. Let z = -14 - -10. Let m be k(z). Suppose w + m = 5*w - 5*p, -23 = -w + 2*p. What are the prime factors of w?
3, 5
Let k(r) = -r + 10. Let g be k(7). Suppose -g*y + 136 = 4*s - 10, -4*s + 3*y + 134 = 0. What are the prime factors of s?
5, 7
Let j = -4 + 34. Let p(d) = 49*d + 289. Let q be p(-5). Suppose -4*m + q = -2*y, j - 10 = 4*m + 4*y. What are the prime factors of m?
3
Suppose -5*b = 5*s + 5, -11 = 5*b - 3*s - 38. Suppose 99 + 48 = b*f. List the prime factors of f.
7
Let s(i) = 9*i - i - 7*i + 2. Let q be s(9). Let a(r) = r**2 - 9*r - 10. List the prime factors of a(q).
2, 3
Let x(o) = -10*o - 18. Let z be x(-1). Let c(l) = l**3 + 6*l**2 + 3*l - 7. Let i be c(-5). Let r = i - z. List the prime factors of r.
11
Let y(b) = -13*b - 14. Let h be y(-4). Let t = -35 + h. Suppose 0 = 4*k - 5*u - 244, t*k - 2*u - 40 - 136 = 0. What are the prime factors of k?
2, 7
Suppose 21*w = 22*w. Suppose -5*j + 3*x + 430 = 0, w = -j - 0*j - 4*x + 109. List the prime factors of j.
89
Suppose -6*p = 102 - 2286. Suppose c + 5*n - 76 = 0, 0 = -0*c - 4*c - 5*n + p. What are the prime factors of c?
2, 3
Let j(h) = -h**3 - 3*h**2 - 3*h - 2. Let m be j(-4). Let u = 53 - m. What are the prime factors of u?
3
Suppose -4*q - 10 - 14 = 0. Let a be (-70)/(-9) - q/27. Suppose p - 30 = 5*f, -p = 2*f + a - 3. List the prime factors of p.
5
Suppose -113 = -f - 3*c, 0 = -4*f - c + 128 + 368. Suppose -5*q - 4*u = -f - 7, 0 = -4*q + 4*u + 84. What are the prime factors of q?
2, 3
Let a be 3/((-12)/(-2))*4. Let r(j) = j**2 - 2*j. Let v be r(a). Suppose v = m + 2*m - 48. What are the prime factors of m?
2
Let s = 2742 + -833. What are the prime factors of s?
23, 83
Suppose -2*l = -1020 - 722. List the prime factors of l.
13, 67
Suppose -4186 = -4*d + 3*j, 0*d = d - 2*j - 1044. List the prime factors of d.
2, 131
Let s(x) = x**2 - 11*x - 2. Let l be s(10). Let o = l - -17. Suppose 129 = -2*i + o*i. What are the prime factors of i?
43
Let v(p) be the second derivative of -5*p**3/2 - 2*p**2 - 15*p. List the prime factors of v(-2).
2, 13
Let q = -17 - -17. Suppose q = -h - c - 15, 6*h = 2*h + 5*c - 15. Let p = -2 - h. What are the prime factors of p?
2
Let x(q) = 28*q**2 - 21*q - 108. List the prime factors of x(-6).
2, 3, 19
Let g = -214 + 429. List the prime factors of g.
5, 43
Let t = -59 + 309. Suppose t = 2*p - 126. What are the prime factors of p?
2, 47
Suppose 8 = -3*t + 5*t. Let b be 20/t*-1 - -1. Let c = 6